{"id":259,"date":"2022-05-16T10:45:42","date_gmt":"2022-05-16T10:45:42","guid":{"rendered":"https:\/\/preview.treethemes.com\/hazel\/demo15\/?page_id=259"},"modified":"2023-03-15T14:38:29","modified_gmt":"2023-03-15T14:38:29","slug":"technologia","status":"publish","type":"page","link":"https:\/\/rb3028.s3.regiobiznes.com.pl\/technologia\/","title":{"rendered":"Technologia"},"content":{"rendered":"<section class=\"wpb-content-wrapper\"><p>[vc_row bg_type=&#8221;image&#8221; parallax_style=&#8221;vcpb-default&#8221; bg_image_new=&#8221;id^939|url^https:\/\/rb3028.s3.regiobiznes.com.pl\/wp-content\/uploads\/2023\/03\/glinojeck-31_optimized.jpg|caption^null|alt^null|title^glinojeck-(31)_optimized|description^null&#8221; bg_image_repeat=&#8221;no-repeat&#8221; bg_override=&#8221;ex-full&#8221; enable_overlay=&#8221;enable_overlay_value&#8221; overlay_color=&#8221;rgba(0,0,0,0.25)&#8221; css=&#8221;.vc_custom_1678287093579{padding-top: 50px !important;}&#8221;][vc_column][vc_empty_space height=&#8221;100px&#8221;]<div class=\"ult-animation  ult-animate-viewport  ult-no-mobile \" data-animate=\"fadeInUp\" data-animation-delay=\"0.3\" data-animation-duration=\"1\" data-animation-iteration=\"1\" style=\"opacity:0;\" data-opacity_start_effect=\"\">[vc_custom_heading text=&#8221;Dome International&#8221; font_container=&#8221;tag:h5|text_align:left|color:%23e0e0e0&#8243; use_theme_fonts=&#8221;yes&#8221;][vc_custom_heading text=&#8221;Technologia&#8221; font_container=&#8221;tag:h2|text_align:left|color:%23fcfcfc|line_height:1.25em&#8221; use_theme_fonts=&#8221;yes&#8221;]<\/div>[vc_empty_space height=&#8221;100px&#8221;][\/vc_column][\/vc_row][vc_row css=&#8221;.vc_custom_1678815834408{padding-top: 50px !important;padding-bottom: 30px !important;}&#8221;][vc_column]<div class=\"ult-animation  ult-animate-viewport  ult-no-mobile \" data-animate=\"fadeInUp\" data-animation-delay=\"0.3\" data-animation-duration=\"1\" data-animation-iteration=\"1\" style=\"opacity:0;\" data-opacity_start_effect=\"\">[vc_custom_heading text=&#8221;Charakterystyka magazyn\u00f3w soli&#8221; font_container=&#8221;tag:h4|text_align:left&#8221; use_theme_fonts=&#8221;yes&#8221;][vc_empty_space height=&#8221;10px&#8221;][vc_column_text]Magazyny te s\u0105 przystosowane do przechowywania ogromnych ilo\u015bci materia\u0142\u00f3w luzem \u2013 zw\u0142aszcza agresywnych korozyjnie i higroskopijnych \u2013 co wynika z zastosowania materia\u0142\u00f3w specjalnie wyselekcjonowanych pod wzgl\u0119dem odporno\u015bci na korozje.<br \/>\nRealizujemy obiekty o kszta\u0142cie kopu\u0142y o \u015brednicy 10 \u2013 50 m lub bary\u0142kowym o szeroko\u015bci 12,5 do 45 m i dowolnej d\u0142ugo\u015bci oraz prostok\u0105tne o dowolnych wymiarach.<br \/>\nZamkni\u0119cie sk\u0142adowanych materia\u0142\u00f3w wewn\u0105trz budynku eliminuje problem przedostania si\u0119 sk\u0142adowanych materia\u0142\u00f3w do gruntu b\u0105d\u017a te\u017c ich przemieszczania przez wiatr.[\/vc_column_text]<\/div>[\/vc_column][\/vc_row][vc_row css=&#8221;.vc_custom_1678815839724{padding-bottom: 30px !important;}&#8221;][vc_column]<div class=\"ult-animation  ult-animate-viewport  ult-no-mobile \" data-animate=\"fadeInUp\" data-animation-delay=\"0.3\" data-animation-duration=\"1\" data-animation-iteration=\"1\" style=\"opacity:0;\" data-opacity_start_effect=\"\">[vc_custom_heading text=&#8221;Magazyny okr\u0105g\u0142e i bary\u0142kowe&#8221; font_container=&#8221;tag:h5|text_align:left&#8221; use_theme_fonts=&#8221;yes&#8221;][vc_empty_space height=&#8221;10px&#8221;][vc_column_text]Istot\u0105 konstrukcji jest drewniany \u2013 wykonany z prefabrykowanych paneli \u2013 dach w kszta\u0142cie kopu\u0142y, kt\u00f3ry jest posadowiony na \u017celbetowej \u015bcianie oporowej w kszta\u0142cie pier\u015bcienia. Zastosowana technologia oraz zestaw specjalistycznych urz\u0105dze\u0144 zapewniaj\u0105 nadzwyczaj szybki monta\u017c budynku<\/p>\n<p>&#8211; Panele dachowe wykonane s\u0105 ze specjalnie selekcjonowanej sklejki wodoodpornej wzmacnianej drewnianymi wr\u0119gami,<br \/>\n&#8211; Posadowienie magazynu na asfaltowym pod\u0142o\u017cu dla kategorii ruchu KR-2 jako obiekt bezfundamentowy,<br \/>\n&#8211; Zbli\u017cony do sto\u017cka kszta\u0142t dachu wraz z systemem otwor\u00f3w wentylacyjnych zapewniaj\u0105 samoczynn\u0105, intensywna wentylacj\u0119 i ci\u0105g\u0142e utrzymanie magazynowanego materia\u0142u w stanie suchym i sypkim,<br \/>\n&#8211; Ze wzgl\u0119du na zastosowane materia\u0142y dachowe (drewno) oraz wyst\u0119powanie efektu kominowego zjawisko kondensacji pary wodnej jest wyeliminowane,<br \/>\n&#8211; Wysoka bry\u0142a budynku i wielka brama wjazdowa pozwalaj\u0105 na wjazd, roz\u0142adunek i za\u0142adunek wewn\u0105trz obiektu, najwi\u0119kszych dopuszczonych do ruchu wielkotona\u017cowych ci\u0119\u017car\u00f3wek, jak r\u00f3wnie\u017c w przypadku obiekt\u00f3w przejezdnych zestaw\u00f3w z przyczepami wysypuj\u0105cymi na boki,<br \/>\n&#8211; Zastosowana konstrukcja i technologia budowy magazyn\u00f3w soli zosta\u0142y zweryfikowane przy u\u017cyciu nowoczesnych system\u00f3w obliczeniowych z wykorzystaniem analizy element\u00f3w sko\u0144czonych MES oraz praktycznie \u2013 b\u0119d\u0105c poddanym wieloletniemu oddzia\u0142ywaniu znacznych ilo\u015bci \u015bniegu oraz huraganowym wiatrom o pr\u0119dko\u015bci dochodz\u0105cej do 190 km\/godz. Pokrycie dach\u00f3wkami bitumicznymi na pod\u0142o\u017cu z papy izolacyjnej zapewnia d\u0142ugoletni\u0105 bezobs\u0142ugow\u0105 eksploatacj\u0119.[\/vc_column_text]<\/div>[\/vc_column][\/vc_row][vc_row css=&#8221;.vc_custom_1678815389759{padding-bottom: 50px !important;}&#8221;][vc_column]<div class=\"ult-animation  ult-animate-viewport  ult-no-mobile \" data-animate=\"fadeInUp\" data-animation-delay=\"0.3\" data-animation-duration=\"1\" data-animation-iteration=\"1\" style=\"opacity:0;\" data-opacity_start_effect=\"\">[vc_custom_heading text=&#8221;Magazyny prostok\u0105tne&#8221; font_container=&#8221;tag:h5|text_align:left&#8221; use_theme_fonts=&#8221;yes&#8221;][vc_empty_space height=&#8221;10px&#8221;][vc_column_text]Podobnie jak magazyny okr\u0105g\u0142e, brak element\u00f3w konstrukcyjnych wewn\u0119trznej przestrzeni magazynu, umo\u017cliwiaj\u0105 pe\u0142ne wykorzystanie przestrzeni magazynowej oraz roz\u0142adunek samochod\u00f3w ci\u0119\u017carowych wewn\u0105trz magazynu.<\/p>\n<p>&#8211; Posadowienie magazynu jest na \u0142awach fundamentowych, szczelne pod\u0142o\u017ce asfaltowe wykonywane jest po wykonaniu fundament\u00f3w.<br \/>\n&#8211; Konstrukcja magazynu wykonana z drewna klejonego oraz konstrukcyjnego z zewn\u0119trznym poszyciem z deski impregnowanej \u2013 boazerii.<br \/>\n&#8211; Poszycie dachu wykonane z p\u0142yt typu Eurofala, kt\u00f3re zapobiegaj\u0105 skraplaniu si\u0119 wody wewn\u0105trz magazynu.<br \/>\n&#8211; Zaleta tego typu obiekt\u00f3w jest mo\u017cliwo\u015b\u0107 ich rozbudowy o kolejne sekcje.[\/vc_column_text]<\/div>[\/vc_column][\/vc_row][vc_row gap=&#8221;5&#8243; css=&#8221;.vc_custom_1674112235581{padding-bottom: 10px !important;}&#8221;][vc_column width=&#8221;1\/3&#8243;][vc_single_image image=&#8221;872&#8243; img_size=&#8221;full&#8221; css_animation=&#8221;zoomIn&#8221;][\/vc_column][vc_column width=&#8221;1\/3&#8243;][vc_single_image image=&#8221;874&#8243; img_size=&#8221;full&#8221; css_animation=&#8221;zoomIn&#8221;][\/vc_column][vc_column width=&#8221;1\/3&#8243;][vc_single_image image=&#8221;873&#8243; img_size=&#8221;full&#8221; css_animation=&#8221;zoomIn&#8221;][\/vc_column][\/vc_row][vc_row gap=&#8221;5&#8243; css=&#8221;.vc_custom_1674046581361{padding-bottom: 50px !important;}&#8221;][vc_column width=&#8221;1\/3&#8243;][vc_single_image image=&#8221;882&#8243; img_size=&#8221;full&#8221; css_animation=&#8221;zoomIn&#8221;][\/vc_column][vc_column width=&#8221;1\/3&#8243;][vc_single_image image=&#8221;878&#8243; img_size=&#8221;full&#8221; css_animation=&#8221;zoomIn&#8221;][\/vc_column][vc_column width=&#8221;1\/3&#8243;][vc_single_image image=&#8221;877&#8243; img_size=&#8221;full&#8221; css_animation=&#8221;zoomIn&#8221;][\/vc_column][\/vc_row]<\/p>\n<\/section>","protected":false},"excerpt":{"rendered":"<p>[vc_row bg_type=&#8221;image&#8221; parallax_style=&#8221;vcpb-default&#8221; bg_image_new=&#8221;id^939|url^https:\/\/rb3028.s3.regiobiznes.com.pl\/wp-content\/uploads\/2023\/03\/glinojeck-31_optimized.jpg|caption^null|alt^null|title^glinojeck-(31)_optimized|description^null&#8221; bg_image_repeat=&#8221;no-repeat&#8221; bg_override=&#8221;ex-full&#8221; enable_overlay=&#8221;enable_overlay_value&#8221; overlay_color=&#8221;rgba(0,0,0,0.25)&#8221; css=&#8221;.vc_custom_1678287093579{padding-top: 50px !important;}&#8221;][vc_column][vc_empty_space height=&#8221;100px&#8221;][vc_empty_space height=&#8221;100px&#8221;][\/vc_column][\/vc_row][vc_row css=&#8221;.vc_custom_1678815834408{padding-top: 50px !important;padding-bottom: 30px !important;}&#8221;][vc_column][\/vc_column][\/vc_row][vc_row css=&#8221;.vc_custom_1678815839724{padding-bottom: 30px !important;}&#8221;][vc_column][\/vc_column][\/vc_row][vc_row css=&#8221;.vc_custom_1678815389759{padding-bottom: 50px !important;}&#8221;][vc_column][\/vc_column][\/vc_row][vc_row gap=&#8221;5&#8243; css=&#8221;.vc_custom_1674112235581{padding-bottom: 10px !important;}&#8221;][vc_column width=&#8221;1\/3&#8243;][vc_single_image image=&#8221;872&#8243; img_size=&#8221;full&#8221; css_animation=&#8221;zoomIn&#8221;][\/vc_column][vc_column width=&#8221;1\/3&#8243;][vc_single_image image=&#8221;874&#8243; img_size=&#8221;full&#8221; css_animation=&#8221;zoomIn&#8221;][\/vc_column][vc_column width=&#8221;1\/3&#8243;][vc_single_image image=&#8221;873&#8243; img_size=&#8221;full&#8221; css_animation=&#8221;zoomIn&#8221;][\/vc_column][\/vc_row][vc_row gap=&#8221;5&#8243; css=&#8221;.vc_custom_1674046581361{padding-bottom: 50px !important;}&#8221;][vc_column width=&#8221;1\/3&#8243;][vc_single_image image=&#8221;882&#8243; img_size=&#8221;full&#8221; css_animation=&#8221;zoomIn&#8221;][\/vc_column][vc_column width=&#8221;1\/3&#8243;][vc_single_image image=&#8221;878&#8243; img_size=&#8221;full&#8221; css_animation=&#8221;zoomIn&#8221;][\/vc_column][vc_column width=&#8221;1\/3&#8243;][vc_single_image image=&#8221;877&#8243; img_size=&#8221;full&#8221; [&hellip;]<\/p>\n","protected":false},"author":2,"featured_media":0,"parent":0,"menu_order":0,"comment_status":"closed","ping_status":"closed","template":"page.php","meta":{"footnotes":""},"class_list":["post-259","page","type-page","status-publish","hentry"],"_links":{"self":[{"href":"https:\/\/rb3028.s3.regiobiznes.com.pl\/wp-json\/wp\/v2\/pages\/259","targetHints":{"allow":["GET"]}}],"collection":[{"href":"https:\/\/rb3028.s3.regiobiznes.com.pl\/wp-json\/wp\/v2\/pages"}],"about":[{"href":"https:\/\/rb3028.s3.regiobiznes.com.pl\/wp-json\/wp\/v2\/types\/page"}],"author":[{"embeddable":true,"href":"https:\/\/rb3028.s3.regiobiznes.com.pl\/wp-json\/wp\/v2\/users\/2"}],"replies":[{"embeddable":true,"href":"https:\/\/rb3028.s3.regiobiznes.com.pl\/wp-json\/wp\/v2\/comments?post=259"}],"version-history":[{"count":35,"href":"https:\/\/rb3028.s3.regiobiznes.com.pl\/wp-json\/wp\/v2\/pages\/259\/revisions"}],"predecessor-version":[{"id":1041,"href":"https:\/\/rb3028.s3.regiobiznes.com.pl\/wp-json\/wp\/v2\/pages\/259\/revisions\/1041"}],"wp:attachment":[{"href":"https:\/\/rb3028.s3.regiobiznes.com.pl\/wp-json\/wp\/v2\/media?parent=259"}],"curies":[{"name":"wp","href":"https:\/\/api.w.org\/{rel}","templated":true}]}}