{"id":247,"date":"2022-05-13T14:39:20","date_gmt":"2022-05-13T14:39:20","guid":{"rendered":"https:\/\/preview.treethemes.com\/hazel\/demo15\/?page_id=247"},"modified":"2023-03-16T15:40:08","modified_gmt":"2023-03-16T15:40:08","slug":"home","status":"publish","type":"page","link":"https:\/\/rb3030.s3.regiobiznes.com.pl\/","title":{"rendered":"Start"},"content":{"rendered":"<section class=\"wpb-content-wrapper\"><p>[vc_row bg_type=&#8221;image&#8221; parallax_style=&#8221;vcpb-default&#8221; bg_image_new=&#8221;id^966|url^https:\/\/rb3030.s3.regiobiznes.com.pl\/wp-content\/uploads\/2023\/03\/grudziadz-66_optimized-2.jpg|caption^null|alt^null|title^grudziadz-(66)_optimized|description^null&#8221; bg_image_repeat=&#8221;no-repeat&#8221; bg_override=&#8221;ex-full&#8221; enable_overlay=&#8221;enable_overlay_value&#8221; overlay_color=&#8221;rgba(0,0,0,0.25)&#8221; css=&#8221;.vc_custom_1678875481721{padding-top: 50px !important;}&#8221;][vc_column][vc_empty_space height=&#8221;200px&#8221;]<div class=\"ult-animation  ult-animate-viewport  ult-no-mobile \" data-animate=\"fadeInUp\" data-animation-delay=\"0.3\" data-animation-duration=\"1\" data-animation-iteration=\"1\" style=\"opacity:0;\" data-opacity_start_effect=\"\">[vc_custom_heading text=&#8221;Fabryka konstrukcji drewnianych&#8221; font_container=&#8221;tag:h5|text_align:left|color:%23e0e0e0&#8243; use_theme_fonts=&#8221;yes&#8221;][vc_custom_heading text=&#8221;Wytwornice&#8221; font_container=&#8221;tag:h2|font_size:120|text_align:left|color:%23fcfcfc|line_height:1.25em&#8221; use_theme_fonts=&#8221;yes&#8221;]<\/div>[vc_separator color=&#8221;custom&#8221; align=&#8221;align_left&#8221; border_width=&#8221;10&#8243; el_width=&#8221;40&#8243; css_animation=&#8221;fadeInLeft&#8221; accent_color=&#8221;__USE_THEME_MAIN_COLOR__&#8221;][vc_empty_space height=&#8221;150px&#8221;][\/vc_column][\/vc_row][vc_row css=&#8221;.vc_custom_1674292400971{padding-top: 50px !important;padding-bottom: 50px !important;}&#8221;][vc_column width=&#8221;1\/2&#8243;]<div class=\"ult-animation  ult-animate-viewport  ult-no-mobile \" data-animate=\"fadeInUp\" data-animation-delay=\"0.3\" data-animation-duration=\"1\" data-animation-iteration=\"1\" style=\"opacity:0;\" data-opacity_start_effect=\"\">[vc_custom_heading text=&#8221;Pocz\u0105tki&#8221; font_container=&#8221;tag:h5|text_align:left&#8221; use_theme_fonts=&#8221;yes&#8221;][vc_empty_space height=&#8221;25px&#8221;][vc_column_text]Podwy\u017cszone wymagania wynikaj\u0105ce z potrzeb, kt\u00f3re ujawni\u0142y si\u0119 podczas coraz ostrzejszych zim oraz zmieniaj\u0105cej si\u0119 technologii zimowego utrzymania dr\u00f3g, sprawi\u0142y ze dotychczasowi, wiod\u0105cy producenci wytwornic solanek nie byli w stanie nad\u0105\u017cy\u0107 za zmianami.<br \/>\nU jednych, kosztem dba\u0142o\u015bci o ceny, spada\u0142a jako\u015b\u0107 urz\u0105dze\u0144, podczas gdy rynek wymaga\u0142 coraz wy\u017cszej jako\u015bci.<br \/>\nInni, oferuj\u0105c urz\u0105dzenia wysokiej klasy, nie byli w stanie zminimalizowa\u0107 koszt\u00f3w na tyle by sta\u0107 si\u0119 realn\u0105 alternatyw\u0105 dla najbardziej popularnych producent\u00f3w. Jeszcze inni zaprzestali rozwija\u0107 swoje produkty tak by dostosowa\u0107 je do wymaga\u0144 najbardziej wymagaj\u0105cych klient\u00f3w.<br \/>\nWychodz\u0105c naprzeciw tym zmianom, w 2010 zosta\u0142a powo\u0142ana marka Salt-Tech.<br \/>\nDo opracowania pierwszego prototypu wytwornicy solanki Salt-Tech pos\u0142u\u017cy\u0142o 15-letnie do\u015bwiadczenie za\u0142o\u017cycieli sp\u00f3\u0142ki w technologiach zimowego utrzymania dr\u00f3g oraz uwagi i sugestie przekazywane przez u\u017cytkownik\u00f3w ko\u0144cowych.<br \/>\nWynikiem kilku miesi\u0119cy intensywnych prac rozwojowych jest najwa\u017cniejszy element ca\u0142ej instalacji &#8211; wanna produkcyjna. Konstrukcja, w ka\u017cdym aspekcie r\u00f3\u017cni\u0105ca si\u0119 od rozwi\u0105za\u0144 dotychczas spotykanych, zosta\u0142a opatentowana w Urz\u0119dzie Patentowym Rzeczypospolitej Polskiej oraz uzyska\u0142a certyfikat jako wz\u00f3r zastrze\u017cony w Urz\u0119dzie Harmonizacji Rynku Wewn\u0119trznego na terenie UE.<br \/>\nPoprzez nieprzerwan\u0105 prac\u0119 nad usprawnianiem naszych produkt\u00f3w i sta\u0142ego d\u0105\u017cenie do podnoszenia jako\u015bci urz\u0105dze\u0144, w ci\u0105gu zaledwie dw\u00f3ch lat, zyskali\u015bmy bardzo siln\u0105 pozycje rynkow\u0105 oraz bardzo wielu zadowolonych klient\u00f3w co potwierdzaj\u0105 wystawione przez nich referencje.<br \/>\nNa dow\u00f3d wysokiej jako\u015bci naszych urz\u0105dze\u0144, s\u0105 one ch\u0119tnie kupowane poza granicami RP, gdzie trafiaj\u0105 za po\u015brednictwem naszych zagranicznych dystrybutor\u00f3w.[\/vc_column_text]<\/div>[\/vc_column][vc_column width=&#8221;1\/2&#8243;]<div class=\"ult-spacer spacer-69945f22876b0\" data-id=\"69945f22876b0\" data-height=\"0\" data-height-mobile=\"60\" data-height-tab=\"\" data-height-tab-portrait=\"\" data-height-mobile-landscape=\"60\" style=\"clear:both;display:block;\"><\/div><div class=\"ult-animation  ult-animate-viewport  ult-no-mobile \" data-animate=\"fadeInUp\" data-animation-delay=\"0.3\" data-animation-duration=\"1\" data-animation-iteration=\"1\" style=\"opacity:0;\" data-opacity_start_effect=\"\">[vc_custom_heading text=&#8221;Nasza misja&#8221; font_container=&#8221;tag:h5|text_align:left&#8221; use_theme_fonts=&#8221;yes&#8221;][vc_empty_space height=&#8221;25px&#8221;][vc_column_text]Nasz\u0105 misj\u0105 jest dostarczanie zar\u00f3wno zarz\u0105dcom dr\u00f3g jak i firmom komunalnym, rozwi\u0105za\u0144 zwi\u0119kszaj\u0105cych skuteczno\u015b\u0107 prowadzonych akcji zimowych oraz daj\u0105ce wymierne korzy\u015bci ekonomiczne tym podmiotom.<br \/>\nJako wiod\u0105cy gracz na rynku, czujemy obowi\u0105zek tworzenia, szerzenia i kszta\u0142towania wiedzy na temat technologii stosowanych w zimowym utrzymaniu dr\u00f3g. Chcemy aby nasi klienci zawsze mieli pewno\u015b\u0107, \u017ce opracowane i dostarczone przez nas rozwi\u0105zania zapewni\u0105 wi\u0119ksze bezpiecze\u0144stwo na drogach, jednocze\u015bnie zmniejszaj\u0105c zwi\u0105zane z tym koszty.[\/vc_column_text]<\/div><div class=\"ult-spacer spacer-69945f22876db\" data-id=\"69945f22876db\" data-height=\"60\" data-height-mobile=\"60\" data-height-tab=\"\" data-height-tab-portrait=\"\" data-height-mobile-landscape=\"60\" style=\"clear:both;display:block;\"><\/div><div class=\"ult-animation  ult-animate-viewport  ult-no-mobile \" data-animate=\"fadeInUp\" data-animation-delay=\"0.3\" data-animation-duration=\"1\" data-animation-iteration=\"1\" style=\"opacity:0;\" data-opacity_start_effect=\"\">[vc_custom_heading text=&#8221;Oferta&#8221; font_container=&#8221;tag:h5|text_align:left&#8221; use_theme_fonts=&#8221;yes&#8221;][vc_empty_space height=&#8221;25px&#8221;][vc_column_text]Podstawowym produktem w ofercie, s\u0105 urz\u0105dzenia do produkcji roztwor\u00f3w chlorku sodu, wapnia i magnezu. Jednak poprzez nasze do\u015bwiadczenie i siln\u0105 pozycj\u0119 rynkow\u0105 grupy, oferujemy r\u00f3wnie\u017c opracowywanie kompleksowych projekt\u00f3w zmian technologii zimowego utrzymania i prowadzenie szkole\u0144 w tym zakresie. Wsp\u00f3\u0142pracujemy z grup\u0105 do\u015bwiadczonych ekspert\u00f3w (praktyk\u00f3w) w tej dziedzinie.<\/p>\n<p><a href=\"https:\/\/rb3030.s3.regiobiznes.com.pl\/technologia\/\">czytaj wi\u0119cej<\/a>[\/vc_column_text]<\/div>[\/vc_column][\/vc_row]<\/p>\n<\/section>","protected":false},"excerpt":{"rendered":"<p>[vc_row bg_type=&#8221;image&#8221; parallax_style=&#8221;vcpb-default&#8221; bg_image_new=&#8221;id^966|url^https:\/\/rb3030.s3.regiobiznes.com.pl\/wp-content\/uploads\/2023\/03\/grudziadz-66_optimized-2.jpg|caption^null|alt^null|title^grudziadz-(66)_optimized|description^null&#8221; bg_image_repeat=&#8221;no-repeat&#8221; bg_override=&#8221;ex-full&#8221; enable_overlay=&#8221;enable_overlay_value&#8221; overlay_color=&#8221;rgba(0,0,0,0.25)&#8221; css=&#8221;.vc_custom_1678875481721{padding-top: 50px !important;}&#8221;][vc_column][vc_empty_space height=&#8221;200px&#8221;][vc_separator color=&#8221;custom&#8221; align=&#8221;align_left&#8221; border_width=&#8221;10&#8243; el_width=&#8221;40&#8243; css_animation=&#8221;fadeInLeft&#8221; accent_color=&#8221;__USE_THEME_MAIN_COLOR__&#8221;][vc_empty_space height=&#8221;150px&#8221;][\/vc_column][\/vc_row][vc_row css=&#8221;.vc_custom_1674292400971{padding-top: 50px !important;padding-bottom: 50px !important;}&#8221;][vc_column width=&#8221;1\/2&#8243;][\/vc_column][vc_column width=&#8221;1\/2&#8243;][\/vc_column][\/vc_row]<\/p>\n","protected":false},"author":2,"featured_media":0,"parent":0,"menu_order":0,"comment_status":"closed","ping_status":"closed","template":"template-home.php","meta":{"footnotes":""},"class_list":["post-247","page","type-page","status-publish","hentry"],"_links":{"self":[{"href":"https:\/\/rb3030.s3.regiobiznes.com.pl\/wp-json\/wp\/v2\/pages\/247","targetHints":{"allow":["GET"]}}],"collection":[{"href":"https:\/\/rb3030.s3.regiobiznes.com.pl\/wp-json\/wp\/v2\/pages"}],"about":[{"href":"https:\/\/rb3030.s3.regiobiznes.com.pl\/wp-json\/wp\/v2\/types\/page"}],"author":[{"embeddable":true,"href":"https:\/\/rb3030.s3.regiobiznes.com.pl\/wp-json\/wp\/v2\/users\/2"}],"replies":[{"embeddable":true,"href":"https:\/\/rb3030.s3.regiobiznes.com.pl\/wp-json\/wp\/v2\/comments?post=247"}],"version-history":[{"count":25,"href":"https:\/\/rb3030.s3.regiobiznes.com.pl\/wp-json\/wp\/v2\/pages\/247\/revisions"}],"predecessor-version":[{"id":993,"href":"https:\/\/rb3030.s3.regiobiznes.com.pl\/wp-json\/wp\/v2\/pages\/247\/revisions\/993"}],"wp:attachment":[{"href":"https:\/\/rb3030.s3.regiobiznes.com.pl\/wp-json\/wp\/v2\/media?parent=247"}],"curies":[{"name":"wp","href":"https:\/\/api.w.org\/{rel}","templated":true}]}}